{"id":1740,"date":"2016-06-07T00:26:49","date_gmt":"2016-06-07T00:26:49","guid":{"rendered":"http:\/\/sandbox.curlythemes.com\/pirouette\/?page_id=1740"},"modified":"2025-12-09T13:55:14","modified_gmt":"2025-12-09T13:55:14","slug":"hall-of-fame","status":"publish","type":"page","link":"https:\/\/locumcracovia.pl\/eng\/hall-of-fame\/","title":{"rendered":"Hall of fame"},"content":{"rendered":"<div class=\"wpb-content-wrapper\">[vc_row content_placement=&#8221;middle&#8221; curly_padding=&#8221;content-padding-xs&#8221; css=&#8221;.vc_custom_1474899899434{border-bottom-width: 1px !important;padding-top: 6rem !important;border-bottom-color: #f4f4f4 !important;border-bottom-style: solid !important;}&#8221;][vc_column offset=&#8221;vc_col-sm-offset-1&#8243;][vc_column_text]\n<h2 style=\"text-align: center;\">Hall of fame<\/h2>\n[\/vc_column_text][\/vc_column][\/vc_row][vc_row full_width=&#8221;stretch_row&#8221; gap=&#8221;30&#8243; content_placement=&#8221;middle&#8221; curly_bg_repeat=&#8221;bg-no-repeat&#8221; curly_bg_position=&#8221;bg-pos-center-top&#8221; css=&#8221;.vc_custom_1711712520169{border-bottom-width: 1px !important;background-color: #ffffff !important;background-position: center !important;background-repeat: no-repeat !important;background-size: cover !important;border-bottom-color: #f4f4f4 !important;border-bottom-style: solid !important;}&#8221;][vc_column width=&#8221;1\/3&#8243;][vc_single_image image=&#8221;3226&#8243; img_size=&#8221;large&#8221; onclick=&#8221;custom_link&#8221; el_class=&#8221;img-frame-large&#8221; link=&#8221;https:\/\/locumcracovia.pl\/eng\/teachers\/lukasz-zieba\/&#8221;][vc_column_text]\n<h4 style=\"text-align: center;\"><a href=\"https:\/\/locumcracovia.pl\/eng\/teachers\/lukasz-zieba\/\"><span style=\"color: #c9ac8c;\">\u0141ukasz Zi\u0119ba<\/span><\/a><\/h4>\n[\/vc_column_text][\/vc_column][vc_column width=&#8221;1\/3&#8243;][vc_single_image image=&#8221;3227&#8243; img_size=&#8221;large&#8221; onclick=&#8221;custom_link&#8221; el_class=&#8221;img-frame-large&#8221; link=&#8221;https:\/\/locumcracovia.pl\/eng\/teachers\/isabella-gargelli\/&#8221;][vc_column_text]\n<h4 style=\"text-align: center;\"><a href=\"https:\/\/locumcracovia.pl\/eng\/teachers\/isabella-gargelli\/\"><span style=\"color: #c9ac8c;\">Isabella Gargelli<\/span><\/a><\/h4>\n[\/vc_column_text][\/vc_column][vc_column width=&#8221;1\/3&#8243;][vc_single_image image=&#8221;3228&#8243; img_size=&#8221;large&#8221; onclick=&#8221;custom_link&#8221; el_class=&#8221;img-frame-large&#8221; link=&#8221;https:\/\/locumcracovia.pl\/eng\/teachers\/june-vives\/&#8221;][vc_column_text]\n<h4 style=\"text-align: center;\"><a href=\"https:\/\/locumcracovia.pl\/eng\/teachers\/june-vives\/\"><span style=\"color: #c9ac8c;\">June Viv\u00e8s<\/span><\/a><\/h4>\n[\/vc_column_text][\/vc_column][\/vc_row][vc_row full_width=&#8221;stretch_row&#8221; gap=&#8221;30&#8243; content_placement=&#8221;middle&#8221; curly_bg_repeat=&#8221;bg-no-repeat&#8221; curly_bg_position=&#8221;bg-pos-center-top&#8221; css=&#8221;.vc_custom_1711712520169{border-bottom-width: 1px !important;background-color: #ffffff !important;background-position: center !important;background-repeat: no-repeat !important;background-size: cover !important;border-bottom-color: #f4f4f4 !important;border-bottom-style: solid !important;}&#8221;][vc_column width=&#8221;1\/4&#8243;][vc_single_image image=&#8221;3116&#8243; img_size=&#8221;large&#8221; onclick=&#8221;custom_link&#8221; el_class=&#8221;img-frame-large&#8221; link=&#8221;https:\/\/locumcracovia.pl\/eng\/teachers\/annick-schadeck\/&#8221;][vc_column_text]\n<h4 style=\"text-align: center;\"><span style=\"color: #c9ac8c;\"><a style=\"color: #c9ac8c;\" href=\"https:\/\/locumcracovia.pl\/eng\/teachers\/annick-schadeck\/\">Annick Schadeck<\/a><\/span><\/h4>\n[\/vc_column_text][vc_single_image image=&#8221;3117&#8243; img_size=&#8221;large&#8221; onclick=&#8221;custom_link&#8221; el_class=&#8221;img-frame-large&#8221; link=&#8221;https:\/\/locumcracovia.pl\/eng\/teachers\/selene-martello\/&#8221;][vc_column_text]\n<h4 style=\"text-align: center;\"><a href=\"https:\/\/locumcracovia.pl\/eng\/teachers\/selene-martello\/\"><span style=\"color: #c9ac8c;\">Selene Martello<\/span><\/a><\/h4>\n[\/vc_column_text][\/vc_column][vc_column width=&#8221;1\/4&#8243;][vc_single_image image=&#8221;3119&#8243; img_size=&#8221;large&#8221; onclick=&#8221;custom_link&#8221; el_class=&#8221;img-frame-large&#8221; link=&#8221;https:\/\/locumcracovia.pl\/eng\/teachers\/karol-miekina\/&#8221;][vc_column_text]\n<h4 style=\"text-align: center;\"><a href=\"https:\/\/locumcracovia.pl\/eng\/teachers\/karol-miekina\/\"><span style=\"color: #c9ac8c;\">Karol Miekina<\/span><\/a><\/h4>\n[\/vc_column_text][vc_single_image image=&#8221;3120&#8243; img_size=&#8221;large&#8221; onclick=&#8221;custom_link&#8221; el_class=&#8221;img-frame-large&#8221; link=&#8221;https:\/\/locumcracovia.pl\/eng\/teachers\/michal-strugarek\/&#8221;][vc_column_text]\n<h4 style=\"text-align: center;\"><a href=\"https:\/\/locumcracovia.pl\/eng\/teachers\/michal-strugarek\/\"><span style=\"color: #c9ac8c;\">Micha\u0142 Strugarek<\/span><\/a><\/h4>\n[\/vc_column_text][\/vc_column][vc_column width=&#8221;1\/4&#8243;][vc_single_image image=&#8221;3122&#8243; img_size=&#8221;large&#8221; onclick=&#8221;custom_link&#8221; el_class=&#8221;img-frame-large&#8221; link=&#8221;https:\/\/locumcracovia.pl\/eng\/teachers\/kiley-dolaway\/&#8221;][vc_column_text]\n<h4 style=\"text-align: center;\"><a href=\"https:\/\/locumcracovia.pl\/eng\/teachers\/kiley-dolaway\/\"><span style=\"color: #c9ac8c;\">Kiley Dolaway<\/span><\/a><\/h4>\n[\/vc_column_text][vc_single_image image=&#8221;3123&#8243; img_size=&#8221;large&#8221; onclick=&#8221;custom_link&#8221; el_class=&#8221;img-frame-large&#8221; link=&#8221;https:\/\/locumcracovia.pl\/eng\/teachers\/katarzyna-zakrzewska\/&#8221;][vc_column_text]\n<h4 style=\"text-align: center;\"><a href=\"https:\/\/locumcracovia.pl\/eng\/teachers\/katarzyna-zakrzewska\/\"><span style=\"color: #c9ac8c;\">Katarzyna Zakrzewska<\/span><\/a><\/h4>\n[\/vc_column_text][\/vc_column][vc_column width=&#8221;1\/4&#8243;][vc_single_image image=&#8221;3125&#8243; img_size=&#8221;large&#8221; onclick=&#8221;custom_link&#8221; el_class=&#8221;img-frame-large&#8221; link=&#8221;https:\/\/locumcracovia.pl\/eng\/teachers\/bettina-rose-jurak\/&#8221;][vc_column_text]\n<h4 style=\"text-align: center;\"><a href=\"https:\/\/locumcracovia.pl\/eng\/teachers\/bettina-rose-jurak\/\"><span style=\"color: #c9ac8c;\">Bettina Rose Jur\u00e1k<\/span><\/a><\/h4>\n[\/vc_column_text][vc_single_image image=&#8221;3126&#8243; img_size=&#8221;large&#8221; onclick=&#8221;custom_link&#8221; el_class=&#8221;img-frame-large&#8221; link=&#8221;https:\/\/locumcracovia.pl\/eng\/teachers\/greta-rodorigo\/&#8221;][vc_column_text]\n<h4 style=\"text-align: center;\"><a href=\"https:\/\/locumcracovia.pl\/eng\/teachers\/greta-rodorigo\/\"><span style=\"color: #c9ac8c;\">Greta Rodorigo<\/span><\/a><\/h4>\n[\/vc_column_text][\/vc_column][\/vc_row][vc_row full_width=&#8221;stretch_row&#8221; gap=&#8221;30&#8243; content_placement=&#8221;middle&#8221; curly_bg_repeat=&#8221;bg-no-repeat&#8221; curly_bg_position=&#8221;bg-pos-center-top&#8221; css=&#8221;.vc_custom_1711712520169{border-bottom-width: 1px !important;background-color: #ffffff !important;background-position: center !important;background-repeat: no-repeat !important;background-size: cover !important;border-bottom-color: #f4f4f4 !important;border-bottom-style: solid !important;}&#8221;][vc_column width=&#8221;1\/4&#8243;][vc_single_image image=&#8221;2985&#8243; img_size=&#8221;large&#8221; onclick=&#8221;custom_link&#8221; el_class=&#8221;img-frame-large&#8221; link=&#8221;https:\/\/locumcracovia.pl\/eng\/teachers\/annick-schadeck\/&#8221;][vc_column_text]\n<h4 style=\"text-align: center;\"><span style=\"color: #c9ac8c;\"><a style=\"color: #c9ac8c;\" href=\"https:\/\/locumcracovia.pl\/eng\/teachers\/annick-schadeck\/\">Annick Schadeck<\/a><\/span><\/h4>\n[\/vc_column_text][vc_single_image image=&#8221;2991&#8243; img_size=&#8221;large&#8221; onclick=&#8221;custom_link&#8221; el_class=&#8221;img-frame-large&#8221; link=&#8221;https:\/\/locumcracovia.pl\/eng\/teachers\/aleksandra-kus\/&#8221;][vc_column_text]\n<h4 style=\"text-align: center;\"><span style=\"color: #c9ac8c;\"><a style=\"color: #c9ac8c;\" href=\"https:\/\/locumcracovia.pl\/eng\/teachers\/aleksandra-kus\/\">Aleksandra Ku\u015b<\/a><\/span><\/h4>\n[\/vc_column_text][\/vc_column][vc_column width=&#8221;1\/4&#8243;][vc_single_image image=&#8221;2986&#8243; img_size=&#8221;large&#8221; onclick=&#8221;custom_link&#8221; el_class=&#8221;img-frame-large&#8221; link=&#8221;https:\/\/locumcracovia.pl\/eng\/teachers\/michal-strugarek\/&#8221;][vc_column_text]\n<h4 style=\"text-align: center;\"><span style=\"color: #c9ac8c;\"><a style=\"color: #c9ac8c;\" href=\"https:\/\/locumcracovia.pl\/eng\/teachers\/michal-strugarek\/\">Micha\u0142 Strugarek<\/a><\/span><\/h4>\n[\/vc_column_text][vc_single_image image=&#8221;2992&#8243; img_size=&#8221;large&#8221; onclick=&#8221;custom_link&#8221; el_class=&#8221;img-frame-large&#8221; link=&#8221;https:\/\/locumcracovia.pl\/eng\/teachers\/luca-andrea-tessarini\/&#8221;][vc_column_text]\n<h4 style=\"text-align: center;\"><span style=\"color: #c9ac8c;\"><a style=\"color: #c9ac8c;\" href=\"https:\/\/locumcracovia.pl\/eng\/blog\/class\/luca-andrea-tessarini-3\/\">Luca-Andrea Tessarini<\/a><\/span><\/h4>\n[\/vc_column_text][\/vc_column][vc_column width=&#8221;1\/4&#8243;][vc_single_image image=&#8221;2988&#8243; img_size=&#8221;large&#8221; onclick=&#8221;custom_link&#8221; el_class=&#8221;img-frame-large&#8221; link=&#8221;https:\/\/locumcracovia.pl\/eng\/teachers\/kenan-dinkelmann\/&#8221;][vc_column_text]\n<h4 style=\"text-align: center;\"><span style=\"color: #c9ac8c;\"><a style=\"color: #c9ac8c;\" href=\"https:\/\/locumcracovia.pl\/eng\/teachers\/kenan-dinkelmann\/\">Kenan Dinkelmann<\/a><\/span><\/h4>\n[\/vc_column_text][vc_single_image image=&#8221;2993&#8243; img_size=&#8221;large&#8221; onclick=&#8221;custom_link&#8221; el_class=&#8221;img-frame-large&#8221; link=&#8221;https:\/\/locumcracovia.pl\/eng\/teachers\/serena-mccall\/&#8221;][vc_column_text]\n<h4 style=\"text-align: center;\"><a href=\"https:\/\/locumcracovia.pl\/eng\/teachers\/serena-mccall\/\"><span style=\"color: #c9ac8c;\">Serena McCall<\/span><\/a><\/h4>\n[\/vc_column_text][\/vc_column][vc_column width=&#8221;1\/4&#8243;][vc_single_image image=&#8221;2989&#8243; img_size=&#8221;large&#8221; onclick=&#8221;custom_link&#8221; el_class=&#8221;img-frame-large&#8221; link=&#8221;https:\/\/locumcracovia.pl\/eng\/teachers\/damian-drozd\/&#8221;][vc_column_text]\n<h4 style=\"text-align: center;\"><a href=\"https:\/\/locumcracovia.pl\/eng\/teachers\/damian-drozd\/\"><span style=\"color: #c9ac8c;\">Damian Drozd<\/span><\/a><\/h4>\n[\/vc_column_text][vc_single_image image=&#8221;2994&#8243; img_size=&#8221;large&#8221; onclick=&#8221;custom_link&#8221; el_class=&#8221;img-frame-large&#8221; link=&#8221;https:\/\/locumcracovia.pl\/eng\/teachers\/melisa-diktas\/&#8221;][vc_column_text]\n<h4 style=\"text-align: center;\"><span style=\"color: #c9ac8c;\"><a style=\"color: #c9ac8c;\" href=\"https:\/\/locumcracovia.pl\/eng\/teachers\/melisa-diktas\/\">Melisa Diktas<\/a><\/span><\/h4>\n[\/vc_column_text][\/vc_column][\/vc_row]\n<\/div>","protected":false},"excerpt":{"rendered":"<p>[vc_row content_placement=&#8221;middle&#8221; curly_padding=&#8221;content-padding-xs&#8221; css=&#8221;.vc_custom_1474899899434{border-bottom-width: 1px !important;padding-top: 6rem !important;border-bottom-color: #f4f4f4 !important;border-bottom-style: solid !important;}&#8221;][vc_column offset=&#8221;vc_col-sm-offset-1&#8243;][vc_column_text] Hall of fame [\/vc_column_text][\/vc_column][\/vc_row][vc_row full_width=&#8221;stretch_row&#8221; gap=&#8221;30&#8243; content_placement=&#8221;middle&#8221; curly_bg_repeat=&#8221;bg-no-repeat&#8221; curly_bg_position=&#8221;bg-pos-center-top&#8221; css=&#8221;.vc_custom_1711712520169{border-bottom-width: 1px !important;background-color: #ffffff !important;background-position: center !important;background-repeat: no-repeat !important;background-size: cover !important;border-bottom-color: #f4f4f4 !important;border-bottom-style: solid !important;}&#8221;][vc_column width=&#8221;1\/3&#8243;][vc_single_image image=&#8221;3226&#8243; img_size=&#8221;large&#8221; onclick=&#8221;custom_link&#8221; el_class=&#8221;img-frame-large&#8221; link=&#8221;https:\/\/locumcracovia.pl\/eng\/teachers\/lukasz-zieba\/&#8221;][vc_column_text] \u0141ukasz Zi\u0119ba [\/vc_column_text][\/vc_column][vc_column width=&#8221;1\/3&#8243;][vc_single_image image=&#8221;3227&#8243; img_size=&#8221;large&#8221; onclick=&#8221;custom_link&#8221; el_class=&#8221;img-frame-large&#8221; link=&#8221;https:\/\/locumcracovia.pl\/eng\/teachers\/isabella-gargelli\/&#8221;][vc_column_text] Isabella Gargelli [\/vc_column_text][\/vc_column][vc_column width=&#8221;1\/3&#8243;][vc_single_image image=&#8221;3228&#8243; img_size=&#8221;large&#8221; onclick=&#8221;custom_link&#8221; el_class=&#8221;img-frame-large&#8221; [&hellip;]<\/p>\n","protected":false},"author":1,"featured_media":2873,"parent":0,"menu_order":0,"comment_status":"closed","ping_status":"closed","template":"","meta":{"footnotes":""},"yoast_head":"<!-- This site is optimized with the Yoast SEO plugin v23.0 - https:\/\/yoast.com\/wordpress\/plugins\/seo\/ -->\n<title>Hall of fame - Locum Cracovia Eng<\/title>\n<meta name=\"description\" content=\"Hall of fame\" \/>\n<meta name=\"robots\" content=\"index, follow, max-snippet:-1, max-image-preview:large, max-video-preview:-1\" \/>\n<link rel=\"canonical\" href=\"https:\/\/locumcracovia.pl\/eng\/hall-of-fame\/\" \/>\n<meta property=\"og:locale\" content=\"pl_PL\" \/>\n<meta property=\"og:type\" content=\"article\" \/>\n<meta property=\"og:title\" content=\"Hall of fame - Locum Cracovia Eng\" \/>\n<meta property=\"og:description\" content=\"Hall of fame\" \/>\n<meta property=\"og:url\" content=\"https:\/\/locumcracovia.pl\/eng\/hall-of-fame\/\" \/>\n<meta property=\"og:site_name\" content=\"Locum Cracovia Eng\" \/>\n<meta property=\"article:publisher\" content=\"https:\/\/www.facebook.com\/LOCUMCRACOVIA\" \/>\n<meta property=\"article:modified_time\" content=\"2025-12-09T13:55:14+00:00\" \/>\n<meta property=\"og:image\" content=\"https:\/\/locumcracovia.pl\/eng\/wp-content\/uploads\/sites\/4\/2024\/09\/Yoast-SEO-5.png\" \/>\n\t<meta property=\"og:image:width\" content=\"1200\" \/>\n\t<meta property=\"og:image:height\" content=\"675\" \/>\n\t<meta property=\"og:image:type\" content=\"image\/png\" \/>\n<meta name=\"twitter:card\" content=\"summary_large_image\" \/>\n<meta name=\"twitter:label1\" content=\"Szacowany czas czytania\" \/>\n\t<meta name=\"twitter:data1\" content=\"6 minut\" \/>\n<script type=\"application\/ld+json\" class=\"yoast-schema-graph\">{\"@context\":\"https:\/\/schema.org\",\"@graph\":[{\"@type\":\"WebPage\",\"@id\":\"https:\/\/locumcracovia.pl\/eng\/hall-of-fame\/\",\"url\":\"https:\/\/locumcracovia.pl\/eng\/hall-of-fame\/\",\"name\":\"Hall of fame - Locum Cracovia Eng\",\"isPartOf\":{\"@id\":\"https:\/\/locumcracovia.pl\/eng\/#website\"},\"primaryImageOfPage\":{\"@id\":\"https:\/\/locumcracovia.pl\/eng\/hall-of-fame\/#primaryimage\"},\"image\":{\"@id\":\"https:\/\/locumcracovia.pl\/eng\/hall-of-fame\/#primaryimage\"},\"thumbnailUrl\":\"https:\/\/locumcracovia.pl\/eng\/wp-content\/uploads\/sites\/4\/2024\/09\/Yoast-SEO-5.png\",\"datePublished\":\"2016-06-07T00:26:49+00:00\",\"dateModified\":\"2025-12-09T13:55:14+00:00\",\"description\":\"Hall of fame\",\"breadcrumb\":{\"@id\":\"https:\/\/locumcracovia.pl\/eng\/hall-of-fame\/#breadcrumb\"},\"inLanguage\":\"pl-PL\",\"potentialAction\":[{\"@type\":\"ReadAction\",\"target\":[\"https:\/\/locumcracovia.pl\/eng\/hall-of-fame\/\"]}]},{\"@type\":\"ImageObject\",\"inLanguage\":\"pl-PL\",\"@id\":\"https:\/\/locumcracovia.pl\/eng\/hall-of-fame\/#primaryimage\",\"url\":\"https:\/\/locumcracovia.pl\/eng\/wp-content\/uploads\/sites\/4\/2024\/09\/Yoast-SEO-5.png\",\"contentUrl\":\"https:\/\/locumcracovia.pl\/eng\/wp-content\/uploads\/sites\/4\/2024\/09\/Yoast-SEO-5.png\",\"width\":1200,\"height\":675},{\"@type\":\"BreadcrumbList\",\"@id\":\"https:\/\/locumcracovia.pl\/eng\/hall-of-fame\/#breadcrumb\",\"itemListElement\":[{\"@type\":\"ListItem\",\"position\":1,\"name\":\"Strona g\u0142\u00f3wna\",\"item\":\"https:\/\/locumcracovia.pl\/eng\/\"},{\"@type\":\"ListItem\",\"position\":2,\"name\":\"Hall of fame\"}]},{\"@type\":\"WebSite\",\"@id\":\"https:\/\/locumcracovia.pl\/eng\/#website\",\"url\":\"https:\/\/locumcracovia.pl\/eng\/\",\"name\":\"LOCUM CRACOVIA\",\"description\":\"Warsztaty ta\u0144ca wsp\u00f3\u0142czesnego, nowoczesnego, ruchu i improwizacji\",\"publisher\":{\"@id\":\"https:\/\/locumcracovia.pl\/eng\/#organization\"},\"potentialAction\":[{\"@type\":\"SearchAction\",\"target\":{\"@type\":\"EntryPoint\",\"urlTemplate\":\"https:\/\/locumcracovia.pl\/eng\/?s={search_term_string}\"},\"query-input\":\"required name=search_term_string\"}],\"inLanguage\":\"pl-PL\"},{\"@type\":\"Organization\",\"@id\":\"https:\/\/locumcracovia.pl\/eng\/#organization\",\"name\":\"LOCUM CRACOVIA\",\"url\":\"https:\/\/locumcracovia.pl\/eng\/\",\"logo\":{\"@type\":\"ImageObject\",\"inLanguage\":\"pl-PL\",\"@id\":\"https:\/\/locumcracovia.pl\/eng\/#\/schema\/logo\/image\/\",\"url\":\"https:\/\/locumcracovia.pl\/wp-content\/uploads\/2024\/03\/Logo-1200-x-600-2-e1710600483590.png\",\"contentUrl\":\"https:\/\/locumcracovia.pl\/wp-content\/uploads\/2024\/03\/Logo-1200-x-600-2-e1710600483590.png\",\"width\":300,\"height\":150,\"caption\":\"LOCUM CRACOVIA\"},\"image\":{\"@id\":\"https:\/\/locumcracovia.pl\/eng\/#\/schema\/logo\/image\/\"},\"sameAs\":[\"https:\/\/www.facebook.com\/LOCUMCRACOVIA\",\"https:\/\/www.instagram.com\/locumcracovia\/\"]}]}<\/script>\n<!-- \/ Yoast SEO plugin. -->","yoast_head_json":{"title":"Hall of fame - Locum Cracovia Eng","description":"Hall of fame","robots":{"index":"index","follow":"follow","max-snippet":"max-snippet:-1","max-image-preview":"max-image-preview:large","max-video-preview":"max-video-preview:-1"},"canonical":"https:\/\/locumcracovia.pl\/eng\/hall-of-fame\/","og_locale":"pl_PL","og_type":"article","og_title":"Hall of fame - Locum Cracovia Eng","og_description":"Hall of fame","og_url":"https:\/\/locumcracovia.pl\/eng\/hall-of-fame\/","og_site_name":"Locum Cracovia Eng","article_publisher":"https:\/\/www.facebook.com\/LOCUMCRACOVIA","article_modified_time":"2025-12-09T13:55:14+00:00","og_image":[{"width":1200,"height":675,"url":"https:\/\/locumcracovia.pl\/eng\/wp-content\/uploads\/sites\/4\/2024\/09\/Yoast-SEO-5.png","type":"image\/png"}],"twitter_card":"summary_large_image","twitter_misc":{"Szacowany czas czytania":"6 minut"},"schema":{"@context":"https:\/\/schema.org","@graph":[{"@type":"WebPage","@id":"https:\/\/locumcracovia.pl\/eng\/hall-of-fame\/","url":"https:\/\/locumcracovia.pl\/eng\/hall-of-fame\/","name":"Hall of fame - Locum Cracovia Eng","isPartOf":{"@id":"https:\/\/locumcracovia.pl\/eng\/#website"},"primaryImageOfPage":{"@id":"https:\/\/locumcracovia.pl\/eng\/hall-of-fame\/#primaryimage"},"image":{"@id":"https:\/\/locumcracovia.pl\/eng\/hall-of-fame\/#primaryimage"},"thumbnailUrl":"https:\/\/locumcracovia.pl\/eng\/wp-content\/uploads\/sites\/4\/2024\/09\/Yoast-SEO-5.png","datePublished":"2016-06-07T00:26:49+00:00","dateModified":"2025-12-09T13:55:14+00:00","description":"Hall of fame","breadcrumb":{"@id":"https:\/\/locumcracovia.pl\/eng\/hall-of-fame\/#breadcrumb"},"inLanguage":"pl-PL","potentialAction":[{"@type":"ReadAction","target":["https:\/\/locumcracovia.pl\/eng\/hall-of-fame\/"]}]},{"@type":"ImageObject","inLanguage":"pl-PL","@id":"https:\/\/locumcracovia.pl\/eng\/hall-of-fame\/#primaryimage","url":"https:\/\/locumcracovia.pl\/eng\/wp-content\/uploads\/sites\/4\/2024\/09\/Yoast-SEO-5.png","contentUrl":"https:\/\/locumcracovia.pl\/eng\/wp-content\/uploads\/sites\/4\/2024\/09\/Yoast-SEO-5.png","width":1200,"height":675},{"@type":"BreadcrumbList","@id":"https:\/\/locumcracovia.pl\/eng\/hall-of-fame\/#breadcrumb","itemListElement":[{"@type":"ListItem","position":1,"name":"Strona g\u0142\u00f3wna","item":"https:\/\/locumcracovia.pl\/eng\/"},{"@type":"ListItem","position":2,"name":"Hall of fame"}]},{"@type":"WebSite","@id":"https:\/\/locumcracovia.pl\/eng\/#website","url":"https:\/\/locumcracovia.pl\/eng\/","name":"LOCUM CRACOVIA","description":"Warsztaty ta\u0144ca wsp\u00f3\u0142czesnego, nowoczesnego, ruchu i improwizacji","publisher":{"@id":"https:\/\/locumcracovia.pl\/eng\/#organization"},"potentialAction":[{"@type":"SearchAction","target":{"@type":"EntryPoint","urlTemplate":"https:\/\/locumcracovia.pl\/eng\/?s={search_term_string}"},"query-input":"required name=search_term_string"}],"inLanguage":"pl-PL"},{"@type":"Organization","@id":"https:\/\/locumcracovia.pl\/eng\/#organization","name":"LOCUM CRACOVIA","url":"https:\/\/locumcracovia.pl\/eng\/","logo":{"@type":"ImageObject","inLanguage":"pl-PL","@id":"https:\/\/locumcracovia.pl\/eng\/#\/schema\/logo\/image\/","url":"https:\/\/locumcracovia.pl\/wp-content\/uploads\/2024\/03\/Logo-1200-x-600-2-e1710600483590.png","contentUrl":"https:\/\/locumcracovia.pl\/wp-content\/uploads\/2024\/03\/Logo-1200-x-600-2-e1710600483590.png","width":300,"height":150,"caption":"LOCUM CRACOVIA"},"image":{"@id":"https:\/\/locumcracovia.pl\/eng\/#\/schema\/logo\/image\/"},"sameAs":["https:\/\/www.facebook.com\/LOCUMCRACOVIA","https:\/\/www.instagram.com\/locumcracovia\/"]}]}},"_links":{"self":[{"href":"https:\/\/locumcracovia.pl\/eng\/wp-json\/wp\/v2\/pages\/1740"}],"collection":[{"href":"https:\/\/locumcracovia.pl\/eng\/wp-json\/wp\/v2\/pages"}],"about":[{"href":"https:\/\/locumcracovia.pl\/eng\/wp-json\/wp\/v2\/types\/page"}],"author":[{"embeddable":true,"href":"https:\/\/locumcracovia.pl\/eng\/wp-json\/wp\/v2\/users\/1"}],"replies":[{"embeddable":true,"href":"https:\/\/locumcracovia.pl\/eng\/wp-json\/wp\/v2\/comments?post=1740"}],"version-history":[{"count":60,"href":"https:\/\/locumcracovia.pl\/eng\/wp-json\/wp\/v2\/pages\/1740\/revisions"}],"predecessor-version":[{"id":3252,"href":"https:\/\/locumcracovia.pl\/eng\/wp-json\/wp\/v2\/pages\/1740\/revisions\/3252"}],"wp:featuredmedia":[{"embeddable":true,"href":"https:\/\/locumcracovia.pl\/eng\/wp-json\/wp\/v2\/media\/2873"}],"wp:attachment":[{"href":"https:\/\/locumcracovia.pl\/eng\/wp-json\/wp\/v2\/media?parent=1740"}],"curies":[{"name":"wp","href":"https:\/\/api.w.org\/{rel}","templated":true}]}}