{"id":11,"date":"2016-03-30T16:45:59","date_gmt":"2016-03-30T16:45:59","guid":{"rendered":"http:\/\/sandbox.curlythemes.com\/pirouette\/?page_id=11"},"modified":"2025-02-04T19:11:11","modified_gmt":"2025-02-04T19:11:11","slug":"contact","status":"publish","type":"page","link":"https:\/\/locumcracovia.pl\/eng\/contact\/","title":{"rendered":"Contact"},"content":{"rendered":"<div class=\"wpb-content-wrapper\">[vc_row curly_padding=&#8221;content-padding-xxl&#8221;][vc_column offset=&#8221;vc_col-sm-offset-1&#8243;][vc_row_inner content_placement=&#8221;middle&#8221;][vc_column_inner][vc_column_text]\n<h1><span style=\"color: #ffffff;\">Do you have any questions? Contact us!<\/span><\/h1>\n[\/vc_column_text][vc_column_text]\n<dl>\n<dt>\n<h3><span style=\"color: #ffffff;\">Mobile:<\/span><\/h3>\n<\/dt>\n<dd>\n<h3><span class=\"color-primary\" style=\"color: #ffffff;\">+48 732 882 400<\/span><\/h3>\n<\/dd>\n<dt>\n<h3><span style=\"color: #ffffff;\">Email:<\/span><\/h3>\n<\/dt>\n<dd>\n<h3><a href=\"mailto:5678@locumcracovia.pl\"><span style=\"color: #ffffff;\">5678@locumcracovia.pl<\/span><\/a><\/h3>\n<\/dd>\n<\/dl>\n[\/vc_column_text][vc_column_text]\n<p class=\"text-small\"><span style=\"color: #ffffff;\">The organiser:<\/span><br \/>\n<span style=\"color: #ffffff;\">NIP: 6783174267<\/span><br \/>\n<span style=\"color: #ffffff;\">REGON: 380144635<\/span><br \/>\n<span style=\"color: #ffffff;\">Twardowskiego 95<\/span><br \/>\n<span style=\"color: #ffffff;\">30-346 Krakow, Poland<\/span><\/p>\n[\/vc_column_text][\/vc_column_inner][\/vc_row_inner][vc_column_text]\n<p class=\"text-small\">Follow us on social media!<\/p>\n[\/vc_column_text][vc_icon icon_fontawesome=&#8221;fab fa-facebook-square&#8221; color=&#8221;custom&#8221; custom_color=&#8221;#c9ac8c&#8221; link=&#8221;url:https%3A%2F%2Fwww.facebook.com%2FLOCUMCRACOVIA|title:Facebook|target:_blank&#8221;][vc_icon icon_fontawesome=&#8221;fab fa-instagram&#8221; color=&#8221;custom&#8221; custom_color=&#8221;#c9ac8c&#8221; link=&#8221;url:https%3A%2F%2Fwww.instagram.com%2Flocumcracovia%2F|title:Instagram|target:_blank&#8221;][\/vc_column][\/vc_row][vc_row full_width=&#8221;stretch_row_content_no_spaces&#8221; curly_padding=&#8221;content-padding-none&#8221;][vc_column][\/vc_column][\/vc_row]\n<\/div>","protected":false},"excerpt":{"rendered":"<p>[vc_row curly_padding=&#8221;content-padding-xxl&#8221;][vc_column offset=&#8221;vc_col-sm-offset-1&#8243;][vc_row_inner content_placement=&#8221;middle&#8221;][vc_column_inner][vc_column_text] Do you have any questions? Contact us! [\/vc_column_text][vc_column_text] Mobile: +48 732 882 400 Email: 5678@locumcracovia.pl [\/vc_column_text][vc_column_text] The organiser: NIP: 6783174267 REGON: 380144635 Twardowskiego 95 30-346 Krakow, Poland [\/vc_column_text][\/vc_column_inner][\/vc_row_inner][vc_column_text] Follow us on social media! [\/vc_column_text][vc_icon icon_fontawesome=&#8221;fab fa-facebook-square&#8221; color=&#8221;custom&#8221; custom_color=&#8221;#c9ac8c&#8221; link=&#8221;url:https%3A%2F%2Fwww.facebook.com%2FLOCUMCRACOVIA|title:Facebook|target:_blank&#8221;][vc_icon icon_fontawesome=&#8221;fab fa-instagram&#8221; color=&#8221;custom&#8221; custom_color=&#8221;#c9ac8c&#8221; link=&#8221;url:https%3A%2F%2Fwww.instagram.com%2Flocumcracovia%2F|title:Instagram|target:_blank&#8221;][\/vc_column][\/vc_row][vc_row full_width=&#8221;stretch_row_content_no_spaces&#8221; curly_padding=&#8221;content-padding-none&#8221;][vc_column][\/vc_column][\/vc_row]<\/p>\n","protected":false},"author":1,"featured_media":0,"parent":0,"menu_order":0,"comment_status":"closed","ping_status":"closed","template":"","meta":{"footnotes":""},"yoast_head":"<!-- This site is optimized with the Yoast SEO plugin v23.0 - https:\/\/yoast.com\/wordpress\/plugins\/seo\/ -->\n<title>Contact - Locum Cracovia Eng<\/title>\n<meta name=\"description\" content=\"Do you have any questions? Contact us! LOCUM CRACOVIA e-mail: 5678@locumcracovia.pl | mobile: +48 732 882 400\" \/>\n<meta name=\"robots\" content=\"index, follow, max-snippet:-1, max-image-preview:large, max-video-preview:-1\" \/>\n<link rel=\"canonical\" href=\"https:\/\/locumcracovia.pl\/eng\/contact\/\" \/>\n<meta property=\"og:locale\" content=\"pl_PL\" \/>\n<meta property=\"og:type\" content=\"article\" \/>\n<meta property=\"og:title\" content=\"Contact - Locum Cracovia Eng\" \/>\n<meta property=\"og:description\" content=\"Do you have any questions? Contact us! LOCUM CRACOVIA e-mail: 5678@locumcracovia.pl | mobile: +48 732 882 400\" \/>\n<meta property=\"og:url\" content=\"https:\/\/locumcracovia.pl\/eng\/contact\/\" \/>\n<meta property=\"og:site_name\" content=\"Locum Cracovia Eng\" \/>\n<meta property=\"article:publisher\" content=\"https:\/\/www.facebook.com\/LOCUMCRACOVIA\" \/>\n<meta property=\"article:modified_time\" content=\"2025-02-04T19:11:11+00:00\" \/>\n<meta name=\"twitter:card\" content=\"summary_large_image\" \/>\n<meta name=\"twitter:label1\" content=\"Szacowany czas czytania\" \/>\n\t<meta name=\"twitter:data1\" content=\"1 minuta\" \/>\n<script type=\"application\/ld+json\" class=\"yoast-schema-graph\">{\"@context\":\"https:\/\/schema.org\",\"@graph\":[{\"@type\":\"WebPage\",\"@id\":\"https:\/\/locumcracovia.pl\/eng\/contact\/\",\"url\":\"https:\/\/locumcracovia.pl\/eng\/contact\/\",\"name\":\"Contact - Locum Cracovia Eng\",\"isPartOf\":{\"@id\":\"https:\/\/locumcracovia.pl\/eng\/#website\"},\"datePublished\":\"2016-03-30T16:45:59+00:00\",\"dateModified\":\"2025-02-04T19:11:11+00:00\",\"description\":\"Do you have any questions? Contact us! LOCUM CRACOVIA e-mail: 5678@locumcracovia.pl | mobile: +48 732 882 400\",\"breadcrumb\":{\"@id\":\"https:\/\/locumcracovia.pl\/eng\/contact\/#breadcrumb\"},\"inLanguage\":\"pl-PL\",\"potentialAction\":[{\"@type\":\"ReadAction\",\"target\":[\"https:\/\/locumcracovia.pl\/eng\/contact\/\"]}]},{\"@type\":\"BreadcrumbList\",\"@id\":\"https:\/\/locumcracovia.pl\/eng\/contact\/#breadcrumb\",\"itemListElement\":[{\"@type\":\"ListItem\",\"position\":1,\"name\":\"Strona g\u0142\u00f3wna\",\"item\":\"https:\/\/locumcracovia.pl\/eng\/\"},{\"@type\":\"ListItem\",\"position\":2,\"name\":\"Contact\"}]},{\"@type\":\"WebSite\",\"@id\":\"https:\/\/locumcracovia.pl\/eng\/#website\",\"url\":\"https:\/\/locumcracovia.pl\/eng\/\",\"name\":\"LOCUM CRACOVIA\",\"description\":\"Warsztaty ta\u0144ca wsp\u00f3\u0142czesnego, nowoczesnego, ruchu i improwizacji\",\"publisher\":{\"@id\":\"https:\/\/locumcracovia.pl\/eng\/#organization\"},\"potentialAction\":[{\"@type\":\"SearchAction\",\"target\":{\"@type\":\"EntryPoint\",\"urlTemplate\":\"https:\/\/locumcracovia.pl\/eng\/?s={search_term_string}\"},\"query-input\":\"required name=search_term_string\"}],\"inLanguage\":\"pl-PL\"},{\"@type\":\"Organization\",\"@id\":\"https:\/\/locumcracovia.pl\/eng\/#organization\",\"name\":\"LOCUM CRACOVIA\",\"url\":\"https:\/\/locumcracovia.pl\/eng\/\",\"logo\":{\"@type\":\"ImageObject\",\"inLanguage\":\"pl-PL\",\"@id\":\"https:\/\/locumcracovia.pl\/eng\/#\/schema\/logo\/image\/\",\"url\":\"https:\/\/locumcracovia.pl\/wp-content\/uploads\/2024\/03\/Logo-1200-x-600-2-e1710600483590.png\",\"contentUrl\":\"https:\/\/locumcracovia.pl\/wp-content\/uploads\/2024\/03\/Logo-1200-x-600-2-e1710600483590.png\",\"width\":300,\"height\":150,\"caption\":\"LOCUM CRACOVIA\"},\"image\":{\"@id\":\"https:\/\/locumcracovia.pl\/eng\/#\/schema\/logo\/image\/\"},\"sameAs\":[\"https:\/\/www.facebook.com\/LOCUMCRACOVIA\",\"https:\/\/www.instagram.com\/locumcracovia\/\"]}]}<\/script>\n<!-- \/ Yoast SEO plugin. -->","yoast_head_json":{"title":"Contact - Locum Cracovia Eng","description":"Do you have any questions? Contact us! LOCUM CRACOVIA e-mail: 5678@locumcracovia.pl | mobile: +48 732 882 400","robots":{"index":"index","follow":"follow","max-snippet":"max-snippet:-1","max-image-preview":"max-image-preview:large","max-video-preview":"max-video-preview:-1"},"canonical":"https:\/\/locumcracovia.pl\/eng\/contact\/","og_locale":"pl_PL","og_type":"article","og_title":"Contact - Locum Cracovia Eng","og_description":"Do you have any questions? Contact us! LOCUM CRACOVIA e-mail: 5678@locumcracovia.pl | mobile: +48 732 882 400","og_url":"https:\/\/locumcracovia.pl\/eng\/contact\/","og_site_name":"Locum Cracovia Eng","article_publisher":"https:\/\/www.facebook.com\/LOCUMCRACOVIA","article_modified_time":"2025-02-04T19:11:11+00:00","twitter_card":"summary_large_image","twitter_misc":{"Szacowany czas czytania":"1 minuta"},"schema":{"@context":"https:\/\/schema.org","@graph":[{"@type":"WebPage","@id":"https:\/\/locumcracovia.pl\/eng\/contact\/","url":"https:\/\/locumcracovia.pl\/eng\/contact\/","name":"Contact - Locum Cracovia Eng","isPartOf":{"@id":"https:\/\/locumcracovia.pl\/eng\/#website"},"datePublished":"2016-03-30T16:45:59+00:00","dateModified":"2025-02-04T19:11:11+00:00","description":"Do you have any questions? Contact us! LOCUM CRACOVIA e-mail: 5678@locumcracovia.pl | mobile: +48 732 882 400","breadcrumb":{"@id":"https:\/\/locumcracovia.pl\/eng\/contact\/#breadcrumb"},"inLanguage":"pl-PL","potentialAction":[{"@type":"ReadAction","target":["https:\/\/locumcracovia.pl\/eng\/contact\/"]}]},{"@type":"BreadcrumbList","@id":"https:\/\/locumcracovia.pl\/eng\/contact\/#breadcrumb","itemListElement":[{"@type":"ListItem","position":1,"name":"Strona g\u0142\u00f3wna","item":"https:\/\/locumcracovia.pl\/eng\/"},{"@type":"ListItem","position":2,"name":"Contact"}]},{"@type":"WebSite","@id":"https:\/\/locumcracovia.pl\/eng\/#website","url":"https:\/\/locumcracovia.pl\/eng\/","name":"LOCUM CRACOVIA","description":"Warsztaty ta\u0144ca wsp\u00f3\u0142czesnego, nowoczesnego, ruchu i improwizacji","publisher":{"@id":"https:\/\/locumcracovia.pl\/eng\/#organization"},"potentialAction":[{"@type":"SearchAction","target":{"@type":"EntryPoint","urlTemplate":"https:\/\/locumcracovia.pl\/eng\/?s={search_term_string}"},"query-input":"required name=search_term_string"}],"inLanguage":"pl-PL"},{"@type":"Organization","@id":"https:\/\/locumcracovia.pl\/eng\/#organization","name":"LOCUM CRACOVIA","url":"https:\/\/locumcracovia.pl\/eng\/","logo":{"@type":"ImageObject","inLanguage":"pl-PL","@id":"https:\/\/locumcracovia.pl\/eng\/#\/schema\/logo\/image\/","url":"https:\/\/locumcracovia.pl\/wp-content\/uploads\/2024\/03\/Logo-1200-x-600-2-e1710600483590.png","contentUrl":"https:\/\/locumcracovia.pl\/wp-content\/uploads\/2024\/03\/Logo-1200-x-600-2-e1710600483590.png","width":300,"height":150,"caption":"LOCUM CRACOVIA"},"image":{"@id":"https:\/\/locumcracovia.pl\/eng\/#\/schema\/logo\/image\/"},"sameAs":["https:\/\/www.facebook.com\/LOCUMCRACOVIA","https:\/\/www.instagram.com\/locumcracovia\/"]}]}},"_links":{"self":[{"href":"https:\/\/locumcracovia.pl\/eng\/wp-json\/wp\/v2\/pages\/11"}],"collection":[{"href":"https:\/\/locumcracovia.pl\/eng\/wp-json\/wp\/v2\/pages"}],"about":[{"href":"https:\/\/locumcracovia.pl\/eng\/wp-json\/wp\/v2\/types\/page"}],"author":[{"embeddable":true,"href":"https:\/\/locumcracovia.pl\/eng\/wp-json\/wp\/v2\/users\/1"}],"replies":[{"embeddable":true,"href":"https:\/\/locumcracovia.pl\/eng\/wp-json\/wp\/v2\/comments?post=11"}],"version-history":[{"count":19,"href":"https:\/\/locumcracovia.pl\/eng\/wp-json\/wp\/v2\/pages\/11\/revisions"}],"predecessor-version":[{"id":2984,"href":"https:\/\/locumcracovia.pl\/eng\/wp-json\/wp\/v2\/pages\/11\/revisions\/2984"}],"wp:attachment":[{"href":"https:\/\/locumcracovia.pl\/eng\/wp-json\/wp\/v2\/media?parent=11"}],"curies":[{"name":"wp","href":"https:\/\/api.w.org\/{rel}","templated":true}]}}